{"id":159,"date":"2011-03-30T10:36:02","date_gmt":"2011-03-30T10:36:02","guid":{"rendered":"http:\/\/www.geneslay.fr\/?page_id=159"},"modified":"2011-03-30T10:50:58","modified_gmt":"2011-03-30T10:50:58","slug":"direction-generale-des-impots","status":"publish","type":"page","link":"https:\/\/www.geneslay.fr\/?page_id=159","title":{"rendered":"Direction G\u00e9n\u00e9rale des Imp\u00f4ts"},"content":{"rendered":"<p><iframe loading=\"lazy\" src=\"http:\/\/www.impots.gouv.fr\/portal\/dgi\/home;jsessionid=HWA5K1DWBTCEZQFIEIQCFEY?pageId=home&#038;sfid=00?SID=1288623627-2bq8c\" width=\"865\" height=\"660\" frameborder=\"0\" hspace=\"0\" vspace=\"0\" marginheight=\"0\" marginwidth=\"0\" scrolling=\"yes\"><\/iframe><\/p>\n","protected":false},"excerpt":{"rendered":"","protected":false},"author":2,"featured_media":0,"parent":61,"menu_order":50,"comment_status":"closed","ping_status":"closed","template":"template-onecolumn.php","meta":{"_et_pb_use_builder":"","_et_pb_old_content":"","_et_gb_content_width":"","footnotes":""},"class_list":["post-159","page","type-page","status-publish","hentry"],"_links":{"self":[{"href":"https:\/\/www.geneslay.fr\/index.php?rest_route=\/wp\/v2\/pages\/159","targetHints":{"allow":["GET"]}}],"collection":[{"href":"https:\/\/www.geneslay.fr\/index.php?rest_route=\/wp\/v2\/pages"}],"about":[{"href":"https:\/\/www.geneslay.fr\/index.php?rest_route=\/wp\/v2\/types\/page"}],"author":[{"embeddable":true,"href":"https:\/\/www.geneslay.fr\/index.php?rest_route=\/wp\/v2\/users\/2"}],"replies":[{"embeddable":true,"href":"https:\/\/www.geneslay.fr\/index.php?rest_route=%2Fwp%2Fv2%2Fcomments&post=159"}],"version-history":[{"count":6,"href":"https:\/\/www.geneslay.fr\/index.php?rest_route=\/wp\/v2\/pages\/159\/revisions"}],"predecessor-version":[{"id":180,"href":"https:\/\/www.geneslay.fr\/index.php?rest_route=\/wp\/v2\/pages\/159\/revisions\/180"}],"up":[{"embeddable":true,"href":"https:\/\/www.geneslay.fr\/index.php?rest_route=\/wp\/v2\/pages\/61"}],"wp:attachment":[{"href":"https:\/\/www.geneslay.fr\/index.php?rest_route=%2Fwp%2Fv2%2Fmedia&parent=159"}],"curies":[{"name":"wp","href":"https:\/\/api.w.org\/{rel}","templated":true}]}}